[INFO] fetching crate leanshot 0.3.4...
[INFO] checking leanshot-0.3.4 against master#cfbc6d4cf1acbac5c025acf8ed68929caa551df3 for pr-75494-beta
[INFO] extracting crate leanshot 0.3.4 into /workspace/builds/worker-10/source
[INFO] validating manifest of crates.io crate leanshot 0.3.4 on toolchain cfbc6d4cf1acbac5c025acf8ed68929caa551df3
[INFO] running `Command { std: "/workspace/cargo-home/bin/cargo" "+cfbc6d4cf1acbac5c025acf8ed68929caa551df3" "read-manifest" "--manifest-path" "Cargo.toml", kill_on_drop: false }`
[INFO] started tweaking crates.io crate leanshot 0.3.4
[INFO] finished tweaking crates.io crate leanshot 0.3.4
[INFO] tweaked toml for crates.io crate leanshot 0.3.4 written to /workspace/builds/worker-10/source/Cargo.toml
[INFO] crate crates.io crate leanshot 0.3.4 already has a lockfile, it will not be regenerated
[INFO] running `Command { std: "/workspace/cargo-home/bin/cargo" "+cfbc6d4cf1acbac5c025acf8ed68929caa551df3" "fetch" "--locked" "--manifest-path" "Cargo.toml", kill_on_drop: false }`
[INFO] [stderr]     Blocking waiting for file lock on package cache
[INFO] [stderr]  Downloading crates ...
[INFO] [stderr]   Downloaded leanshot_xlib v0.1.1
[INFO] [stderr]   Downloaded nanovg v1.0.2
[INFO] [stderr]   Downloaded nanovg-sys v1.0.2
[INFO] [stderr]   Downloaded imlib2-sys v0.1.0
[INFO] [stderr]   Downloaded imlib2 v0.1.1
[INFO] running `Command { std: "docker" "create" "-v" "/var/lib/crater-agent-workspace/builds/worker-10/target:/opt/rustwide/target:rw,Z" "-v" "/var/lib/crater-agent-workspace/builds/worker-10/source:/opt/rustwide/workdir:ro,Z" "-v" "/var/lib/crater-agent-workspace/cargo-home:/opt/rustwide/cargo-home:ro,Z" "-v" "/var/lib/crater-agent-workspace/rustup-home:/opt/rustwide/rustup-home:ro,Z" "-e" "SOURCE_DIR=/opt/rustwide/workdir" "-e" "CARGO_TARGET_DIR=/opt/rustwide/target" "-e" "CARGO_HOME=/opt/rustwide/cargo-home" "-e" "RUSTUP_HOME=/opt/rustwide/rustup-home" "-w" "/opt/rustwide/workdir" "-m" "1610612736" "--user" "0:0" "--network" "none" "rustops/crates-build-env@sha256:a636fd89d022f18117e1dc8fb37a0a009933cdbbe082814857f0e2024962d47c" "/opt/rustwide/cargo-home/bin/cargo" "+cfbc6d4cf1acbac5c025acf8ed68929caa551df3" "metadata" "--no-deps" "--format-version=1", kill_on_drop: false }`
[INFO] [stdout] b7670b74b23243b0853ccf1069190aea359224f75f0dd9f6d3d204214bc0a9f2
[INFO] [stderr] WARNING: Your kernel does not support swap limit capabilities or the cgroup is not mounted. Memory limited without swap.
[INFO] running `Command { std: "docker" "start" "-a" "b7670b74b23243b0853ccf1069190aea359224f75f0dd9f6d3d204214bc0a9f2", kill_on_drop: false }`
[INFO] running `Command { std: "docker" "inspect" "b7670b74b23243b0853ccf1069190aea359224f75f0dd9f6d3d204214bc0a9f2", kill_on_drop: false }`
[INFO] running `Command { std: "docker" "rm" "-f" "b7670b74b23243b0853ccf1069190aea359224f75f0dd9f6d3d204214bc0a9f2", kill_on_drop: false }`
[INFO] [stdout] b7670b74b23243b0853ccf1069190aea359224f75f0dd9f6d3d204214bc0a9f2
[INFO] running `Command { std: "docker" "create" "-v" "/var/lib/crater-agent-workspace/builds/worker-10/target:/opt/rustwide/target:rw,Z" "-v" "/var/lib/crater-agent-workspace/builds/worker-10/source:/opt/rustwide/workdir:ro,Z" "-v" "/var/lib/crater-agent-workspace/cargo-home:/opt/rustwide/cargo-home:ro,Z" "-v" "/var/lib/crater-agent-workspace/rustup-home:/opt/rustwide/rustup-home:ro,Z" "-e" "SOURCE_DIR=/opt/rustwide/workdir" "-e" "CARGO_TARGET_DIR=/opt/rustwide/target" "-e" "CARGO_INCREMENTAL=0" "-e" "RUST_BACKTRACE=full" "-e" "RUSTFLAGS=--cap-lints=forbid" "-e" "CARGO_HOME=/opt/rustwide/cargo-home" "-e" "RUSTUP_HOME=/opt/rustwide/rustup-home" "-w" "/opt/rustwide/workdir" "-m" "1610612736" "--user" "0:0" "--network" "none" "rustops/crates-build-env@sha256:a636fd89d022f18117e1dc8fb37a0a009933cdbbe082814857f0e2024962d47c" "/opt/rustwide/cargo-home/bin/cargo" "+cfbc6d4cf1acbac5c025acf8ed68929caa551df3" "check" "--frozen" "--all" "--all-targets" "--message-format=json", kill_on_drop: false }`
[INFO] [stdout] 59fa3cb94292c1f82339dafaf2305dc46b75db8de4d692cba86e597c7f44292b
[INFO] [stderr] WARNING: Your kernel does not support swap limit capabilities or the cgroup is not mounted. Memory limited without swap.
[INFO] running `Command { std: "docker" "start" "-a" "59fa3cb94292c1f82339dafaf2305dc46b75db8de4d692cba86e597c7f44292b", kill_on_drop: false }`
[INFO] [stderr]     Blocking waiting for file lock on package cache
[INFO] [stderr]     Blocking waiting for file lock on package cache
[INFO] [stderr]    Compiling libc v0.2.47
[INFO] [stderr]    Compiling cc v1.0.28
[INFO] [stderr]    Compiling unicode-xid v0.1.0
[INFO] [stderr]    Compiling proc-macro2 v0.4.26
[INFO] [stderr]    Compiling cfg-if v0.1.6
[INFO] [stderr]    Compiling autocfg v0.1.2
[INFO] [stderr]    Compiling semver-parser v0.7.0
[INFO] [stderr]    Compiling num-traits v0.2.6
[INFO] [stderr]     Checking bitflags v1.0.4
[INFO] [stderr]     Checking rand_core v0.3.0
[INFO] [stderr]     Checking lazy_static v1.2.0
[INFO] [stderr]    Compiling memchr v2.1.3
[INFO] [stderr]    Compiling pkg-config v0.3.14
[INFO] [stderr]    Compiling byteorder v1.3.1
[INFO] [stderr]    Compiling khronos_api v3.0.0
[INFO] [stderr]    Compiling ucd-util v0.1.3
[INFO] [stderr]    Compiling regex v1.1.0
[INFO] [stderr]    Compiling nix v0.12.0
[INFO] [stderr]    Compiling utf8-ranges v1.0.2
[INFO] [stderr]    Compiling arrayvec v0.4.10
[INFO] [stderr]    Compiling quick-error v1.2.2
[INFO] [stderr]    Compiling unicode-width v0.1.5
[INFO] [stderr]    Compiling termcolor v1.0.4
[INFO] [stderr]    Compiling ansi_term v0.11.0
[INFO] [stderr]    Compiling bindgen v0.40.0
[INFO] [stderr]    Compiling strsim v0.7.0
[INFO] [stderr]     Checking nodrop v0.1.13
[INFO] [stderr]     Checking stable_deref_trait v1.1.1
[INFO] [stderr]     Checking same-file v1.0.4
[INFO] [stderr]    Compiling peeking_take_while v0.1.2
[INFO] [stderr]     Checking downcast-rs v1.0.3
[INFO] [stderr]    Compiling failure_derive v0.1.5
[INFO] [stderr]     Checking xdg v2.2.0
[INFO] [stderr]    Compiling num-integer v0.1.39
[INFO] [stderr]     Checking scopeguard v0.3.3
[INFO] [stderr]     Checking xml-rs v0.8.0
[INFO] [stderr]     Checking rustc-demangle v0.1.13
[INFO] [stderr]    Compiling unicode-segmentation v1.2.1
[INFO] [stderr]    Compiling num-iter v0.1.37
[INFO] [stderr]     Checking percent-encoding v1.0.1
[INFO] [stderr]     Checking vec_map v0.8.1
[INFO] [stderr]     Checking unreachable v1.0.0
[INFO] [stderr]    Compiling log v0.4.6
[INFO] [stderr]    Compiling clang-sys v0.23.0
[INFO] [stderr]    Compiling proc-macro2 v0.3.5
[INFO] [stderr]    Compiling thread_local v0.3.6
[INFO] [stderr]    Compiling semver v0.9.0
[INFO] [stderr]     Checking rand_xorshift v0.1.1
[INFO] [stderr]     Checking rand_hc v0.1.0
[INFO] [stderr]     Checking rand_isaac v0.1.1
[INFO] [stderr]    Compiling regex-syntax v0.6.4
[INFO] [stderr]    Compiling humantime v1.2.0
[INFO] [stderr]    Compiling textwrap v0.10.0
[INFO] [stderr]     Checking owning_ref v0.4.0
[INFO] [stderr]    Compiling rand_chacha v0.1.1
[INFO] [stderr]    Compiling rand v0.6.4
[INFO] [stderr]    Compiling backtrace v0.3.13
[INFO] [stderr]     Checking walkdir v2.2.7
[INFO] [stderr]     Checking inflate v0.4.4
[INFO] [stderr]     Checking smallvec v0.6.8
[INFO] [stderr]    Compiling x11-dl v2.18.3
[INFO] [stderr]    Compiling x11 v2.18.1
[INFO] [stderr]    Compiling heck v0.3.1
[INFO] [stderr]    Compiling rustc_version v0.2.3
[INFO] [stderr]    Compiling quote v0.5.2
[INFO] [stderr]     Checking lock_api v0.1.5
[INFO] [stderr]    Compiling gl_generator v0.10.0
[INFO] [stderr]     Checking stb_truetype v0.2.5
[INFO] [stderr]     Checking deflate v0.7.19
[INFO] [stderr]    Compiling memchr v1.0.2
[INFO] [stderr]    Compiling atty v0.2.11
[INFO] [stderr]    Compiling which v1.0.5
[INFO] [stderr]     Checking rand_os v0.1.1
[INFO] [stderr]     Checking memmap v0.7.0
[INFO] [stderr]     Checking shared_library v0.1.9
[INFO] [stderr]     Checking time v0.1.42
[INFO] [stderr]    Compiling nom v3.2.1
[INFO] [stderr]    Compiling libloading v0.5.0
[INFO] [stderr]    Compiling backtrace-sys v0.1.28
[INFO] [stderr]    Compiling nanovg-sys v1.0.2
[INFO] [stderr]    Compiling rand_pcg v0.1.1
[INFO] [stderr]    Compiling parking_lot_core v0.4.0
[INFO] [stderr]    Compiling clap v2.32.0
[INFO] [stderr]    Compiling quote v0.6.11
[INFO] [stderr]     Checking osmesa-sys v0.1.2
[INFO] [stderr]    Compiling aho-corasick v0.6.9
[INFO] [stderr]     Checking approx v0.3.1
[INFO] [stderr]     Checking ordered-float v1.0.1
[INFO] [stderr]     Checking line_drawing v0.7.0
[INFO] [stderr]    Compiling wayland-scanner v0.21.11
[INFO] [stderr]    Compiling syn v0.15.26
[INFO] [stderr]     Checking rusttype v0.7.3
[INFO] [stderr]     Checking dlib v0.4.1
[INFO] [stderr]    Compiling cexpr v0.2.3
[INFO] [stderr]     Checking wayland-sys v0.21.11
[INFO] [stderr]     Checking png v0.14.0
[INFO] [stderr]    Compiling gl v0.11.0
[INFO] [stderr]    Compiling glutin v0.19.0
[INFO] [stderr]     Checking andrew v0.1.5
[INFO] [stderr]     Checking nanovg v1.0.2
[INFO] [stderr]     Checking parking_lot v0.7.1
[INFO] [stderr]    Compiling wayland-client v0.21.11
[INFO] [stderr]    Compiling wayland-protocols v0.21.11
[INFO] [stderr]    Compiling env_logger v0.5.13
[INFO] [stderr]     Checking wayland-commons v0.21.11
[INFO] [stderr]    Compiling synstructure v0.10.1
[INFO] [stderr]    Compiling structopt-derive v0.2.14
[INFO] [stderr]     Checking failure v0.1.5
[INFO] [stderr]     Checking structopt v0.2.14
[INFO] [stderr]     Checking leanshot_xlib v0.1.1
[INFO] [stderr]     Checking smithay-client-toolkit v0.4.4
[INFO] [stderr]    Compiling imlib2-sys v0.1.0
[INFO] [stderr]     Checking winit v0.18.1
[INFO] [stderr] error: failed to run custom build command for `imlib2-sys v0.1.0`
[INFO] [stderr] 
[INFO] [stderr] Caused by:
[INFO] [stderr]   process didn't exit successfully: `/opt/rustwide/target/debug/build/imlib2-sys-a19f3a1d56a940a4/build-script-build` (exit code: 101)
[INFO] [stderr]   --- stdout
[INFO] [stderr]   cargo:rustc-link-lib=Imlib2
[INFO] [stderr] 
[INFO] [stderr]   --- stderr
[INFO] [stderr]   wrapper.h:1:10: fatal error: 'Imlib2.h' file not found
[INFO] [stderr]   wrapper.h:1:10: fatal error: 'Imlib2.h' file not found, err: true
[INFO] [stderr]   thread 'main' panicked at 'Unable to generate bindings: ()', /opt/rustwide/cargo-home/registry/src/github.com-1ecc6299db9ec823/imlib2-sys-0.1.0/build.rs:17:10
[INFO] [stderr]   stack backtrace:
[INFO] [stderr]      0:     0x55e2a8ae2ba5 - backtrace::backtrace::libunwind::trace::h5e2646fa3eddf2ea
[INFO] [stderr]                                  at /cargo/registry/src/github.com-1ecc6299db9ec823/backtrace-0.3.46/src/backtrace/libunwind.rs:86
[INFO] [stderr]      1:     0x55e2a8ae2ba5 - backtrace::backtrace::trace_unsynchronized::hb95dd7f77ce47877
[INFO] [stderr]                                  at /cargo/registry/src/github.com-1ecc6299db9ec823/backtrace-0.3.46/src/backtrace/mod.rs:66
[INFO] [stderr]      2:     0x55e2a8ae2ba5 - std::sys_common::backtrace::_print_fmt::h5e71b67af43fd70d
[INFO] [stderr]                                  at src/libstd/sys_common/backtrace.rs:78
[INFO] [stderr]      3:     0x55e2a8ae2ba5 - <std::sys_common::backtrace::_print::DisplayBacktrace as core::fmt::Display>::fmt::hdb4a83d2b61107e5
[INFO] [stderr]                                  at src/libstd/sys_common/backtrace.rs:59
[INFO] [stderr]      4:     0x55e2a8b0c86c - core::fmt::write::ha20e7262fa3e8a7a
[INFO] [stderr]                                  at src/libcore/fmt/mod.rs:1076
[INFO] [stderr]      5:     0x55e2a8adf362 - std::io::Write::write_fmt::h1aebfe8a5a79e36d
[INFO] [stderr]                                  at src/libstd/io/mod.rs:1537
[INFO] [stderr]      6:     0x55e2a8ae52d0 - std::sys_common::backtrace::_print::h9c07314cc66ba539
[INFO] [stderr]                                  at src/libstd/sys_common/backtrace.rs:62
[INFO] [stderr]      7:     0x55e2a8ae52d0 - std::sys_common::backtrace::print::hd1fd65f49a2d8544
[INFO] [stderr]                                  at src/libstd/sys_common/backtrace.rs:49
[INFO] [stderr]      8:     0x55e2a8ae52d0 - std::panicking::default_hook::{{closure}}::h222da46485ab36fc
[INFO] [stderr]                                  at src/libstd/panicking.rs:198
[INFO] [stderr]      9:     0x55e2a8ae501c - std::panicking::default_hook::hc5868949d129ed00
[INFO] [stderr]                                  at src/libstd/panicking.rs:217
[INFO] [stderr]     10:     0x55e2a8ae5913 - std::panicking::rust_panic_with_hook::h26a6ab8b0993c0c8
[INFO] [stderr]                                  at src/libstd/panicking.rs:526
[INFO] [stderr]     11:     0x55e2a8ae550b - rust_begin_unwind
[INFO] [stderr]                                  at src/libstd/panicking.rs:437
[INFO] [stderr]     12:     0x55e2a8b0af21 - core::panicking::panic_fmt::h17139c2000299725
[INFO] [stderr]                                  at src/libcore/panicking.rs:85
[INFO] [stderr]     13:     0x55e2a8b0ad43 - core::option::expect_none_failed::h972f96abb4ec8952
[INFO] [stderr]                                  at src/libcore/option.rs:1269
[INFO] [stderr]     14:     0x55e2a85e6f1e - core::result::Result<T,E>::expect::ha45c88fda8bc6061
[INFO] [stderr]                                  at /rustc/cfbc6d4cf1acbac5c025acf8ed68929caa551df3/src/libcore/result.rs:963
[INFO] [stderr]     15:     0x55e2a85e7fad - build_script_build::main::h347c4ee52d66460d
[INFO] [stderr]                                  at /opt/rustwide/cargo-home/registry/src/github.com-1ecc6299db9ec823/imlib2-sys-0.1.0/build.rs:13
[INFO] [stderr]     16:     0x55e2a85e845b - std::rt::lang_start::{{closure}}::hb3d10f50f50731ee
[INFO] [stderr]                                  at /rustc/cfbc6d4cf1acbac5c025acf8ed68929caa551df3/src/libstd/rt.rs:67
[INFO] [stderr]     17:     0x55e2a8ae5ce3 - std::rt::lang_start_internal::{{closure}}::h84a998219831fa70
[INFO] [stderr]                                  at src/libstd/rt.rs:52
[INFO] [stderr]     18:     0x55e2a8ae5ce3 - std::panicking::try::do_call::he8e1d689a3e26def
[INFO] [stderr]                                  at src/libstd/panicking.rs:348
[INFO] [stderr]     19:     0x55e2a8ae5ce3 - std::panicking::try::h264b6eebc2fa7bbf
[INFO] [stderr]                                  at src/libstd/panicking.rs:325
[INFO] [stderr]     20:     0x55e2a8ae5ce3 - std::panic::catch_unwind::hbf28fafa723b2128
[INFO] [stderr]                                  at src/libstd/panic.rs:394
[INFO] [stderr]     21:     0x55e2a8ae5ce3 - std::rt::lang_start_internal::he959aa59bc3ec202
[INFO] [stderr]                                  at src/libstd/rt.rs:51
[INFO] [stderr]     22:     0x55e2a85e8437 - std::rt::lang_start::h883e6d9cef991672
[INFO] [stderr]                                  at /rustc/cfbc6d4cf1acbac5c025acf8ed68929caa551df3/src/libstd/rt.rs:67
[INFO] [stderr]     23:     0x55e2a85e80ba - main
[INFO] [stderr]     24:     0x7fd668d9d0b3 - __libc_start_main
[INFO] [stderr]     25:     0x55e2a85e619e - _start
[INFO] [stderr]     26:                0x0 - <unknown>
[INFO] [stderr] warning: build failed, waiting for other jobs to finish...
[INFO] [stderr] error: build failed
[INFO] running `Command { std: "docker" "inspect" "59fa3cb94292c1f82339dafaf2305dc46b75db8de4d692cba86e597c7f44292b", kill_on_drop: false }`
[INFO] running `Command { std: "docker" "rm" "-f" "59fa3cb94292c1f82339dafaf2305dc46b75db8de4d692cba86e597c7f44292b", kill_on_drop: false }`
[INFO] [stdout] 59fa3cb94292c1f82339dafaf2305dc46b75db8de4d692cba86e597c7f44292b
